 2*r + 2. Let o be 4/6 + (-14)/3. Let h be f(o). Calculate the highest common divisor of h and t.
10
Let u = 67 - -199. What is the highest common factor of u and 38?
38
Suppose -150 = -2*w + 5*o, o - 322 = -w - 3*w. Calculate the highest common factor of 10 and w.
10
Let q be (-5 + 4)/((-2)/(-6)). Let y be 1/q - 13/(-3). What is the greatest common divisor of 12 and y?
4
Let k be 4/(-14) - 348/(-42). What is the highest common divisor of 72 and k?
8
Let b(s) = 5*s + 20. Let v be b(3). Calculate the greatest common divisor of 315 and v.
35
Let w = -49 - -124. Suppose 0*x + 30 = 2*x. What is the highest common divisor of x and w?
15
Let n(q) = 3*q**2 + 9*q - 12. Let k be n(-9). Suppose -2*p - 60 = -k. What is the highest common factor of p and 5?
5
Suppose 4 + 10 = s. Suppose -50 = -5*n + 90. What is the highest common factor of s and n?
14
Suppose 3*q - 2*h = 41, -4*h - 48 = -4*q - 3*h. What is the greatest common factor of 11 and q?
11
Let o(j) = j**3 - 5*j**2 + j - 2. Let a be o(6). Suppose 0 = 2*r - 5*h - 14 - 1, -3*h + 12 = 3*r. Calculate the highest common factor of r and a.
5
Suppose 2*k + 2*g = 14, -4*g - 1 + 14 = -k. Suppose -f + 192 = k*d - 21, -f + 211 = 4*d. Let w be f/12 - 2/8. Calculate the greatest common divisor of w and 72.
18
Let r = -11 - -16. Suppose -3*q - 47 = 2*q + i, 5*i = -r*q - 55. Let w be (-2)/q + 43/9. What is the highest common factor of w and 15?
5
Suppose -2*o + 5 + 37 = 0. Calculate the greatest common divisor of 21 and o.
21
Suppose 0 = -b + 3*k + 33, -20*k = -4*b - 17*k + 96. Calculate the highest common factor of b and 35.
7
Let c(o) be the first derivative of -o**3/3 - 11*o**2/2 - 6*o - 1. Let j be c(-8). Calculate the highest common factor of 126 and j.
18
Let i(j) = 19*j**2 - 2*j + 1. Let w = 12 + -11. Let l be i(w). What is the highest common factor of l and 2?
2
Let w = 3 - 0. Suppose c - 20 = -w*c. Calculate the greatest common divisor of 1 and c.
1
Let p = -211 - -343. Suppose v = 3*u + 12, 2*v = -u + 25 - 1. What is the highest common divisor of p and v?
12
Let o = -13 - -20. Let d(m) = -m - 1. Let l be d(o). Let g = 9 + l. What is the highest common divisor of g and 8?
1
Suppose 2*f - 3485 = -15*f. What is the greatest common factor of 41 and f?
41
Suppose 3*b = 5*b - 4. Let a be (-12)/7 + (-2)/7. Let i be 13 + (0 - (a + b)). Calculate the greatest common divisor of i and 104.
13
Let x be 62 + 4 + (-2)/1. Suppose -5*p - x = -f, 7*p + 224 = 4*f + 3*p. Calculate the highest common factor of f and 36.
18
Suppose -2*v + 17 + 37 = 0. Calculate the highest common factor of 108 and v.
27
Let t(g) = -g - 1. Let l be t(-1). Suppose l = r - 15 - 0. Suppose -3*n + 0*n = -r. What is the greatest common factor of n and 55?
5
Suppose -3*y - 1403 = -4*f, -3*f - 4*y = -169 - 877. Calculate the greatest common factor of 14 and f.
14
Let y(c) = -5*c + 0*c - 1 + 2*c. Let b be y(-3). What is the highest common factor of b and 8?
8
Let n(o) = -4*o + 7*o + o**3 + 8*o - 12*o**2 + 10. Let d be n(11). Calculate the highest common factor of d and 30.
10
Suppose 2 = -g + 3*g. Let v = g - -1. Let n(a) = -a**3 + 5*a**2 + 7*a - 2. Let z be n(6). What is the greatest common divisor of v and z?
2
Let q = -29 - -39. Let o = 9 - 4. What is the highest common divisor of o and q?
5
Suppose 2*r - 29 = g + 2*g, 4*r - 66 = -2*g. What is the highest common factor of 48 and r?
16
Let f be -13*(-4)/(8 + -4). Calculate the greatest common factor of 299 and f.
13
Let i(d) = d**3 + 7*d**2 + 2*d. Let t be i(-6). Let l(o) = 4*o + 1. Let h be l(-1). Let n = 19 + h. Calculate the highest common factor of t and n.
8
Suppose b - 31 = -4*b - 3*w, 5*w = -b + 15. Suppose -2*p + 18 = -4*z, 3 = -b*p - 2*z - 0*z. Let r be 4 + 1*p/1. What is the greatest common factor of 1 and r?
1
Suppose 0 = -v - 2*v + 9. Let l be (-3)/(-18) - 462/(-36). Let d = l - 4. What is the greatest common divisor of d and v?
3
Let b(u) = 2*u**3 - 3*u**2 + 4*u. Let k be b(3). Let v = -17 - -30. Let y be 2/v - (-2688)/104. What is the highest common divisor of k and y?
13
Let k = -18 + 8. Let a = -6 - k. Suppose y - 56 = -20. What is the greatest common divisor of a and y?
4
Suppose -4*g + 6 + 8 = -q, -q - 4*g + 18 = 0. Suppose 4*y - q*l - 164 = 0, -l = y - 15 - 20. Calculate the highest common factor of y and 26.
13
Suppose 2*b - k = 202 + 37, 0 = 3*b - 5*k - 376. What is the greatest common factor of 9 and b?
9
Let f(q) = -64*q**3 + q**2 + q - 1. Let d be f(1). Let s = -44 - d. Calculate the greatest common factor of 19 and s.
19
Let n be 50 + (2 - (2 + -3)). Suppose -r + b + 2*b = -n, -2*b = r - 58. Calculate the highest common divisor of r and 14.
14
Let i(a) = a**2 + 11*a + 6. Let v be i(-12). Calculate the greatest common factor of 45 and v.
9
Let z be ((-2)/(-3))/(8/36). Suppose 2*m + 2*m - 10 = z*d, -4*d + 16 = 2*m. What is the greatest common factor of d and 22?
2
Suppose -3*z + 550 = -146. What is the greatest common factor of z and 29?
29
Suppose -60 = -5*x + 360. Let q = 138 - x. Suppose 10 = -3*w + o + 93, 2*o + q = 2*w. Calculate the highest common divisor of 14 and w.
14
Let w(a) = 2*a**2 - 18*a + 8. Let z be w(12). Let p(t) = -t**3 - 11*t**2 - t - 1. Let o be p(-11). What is the greatest common divisor of o and z?
10
Suppose 0 = 3*w + 15, 4*d - 230 = -w - w. Let z be (-204)/(-340) - 234/(-10). What is the greatest common factor of d and z?
12
Suppose 0 = u + u - 14. Suppose 3*q = 9, -5*q = -3*g - 0*g + 6. What is the highest common divisor of g and u?
7
Let q be 3 + (89 - (0 - -2)). Suppose 0 = -4*y - 11 + 35. Let r be y/1*(-10)/(-6). Calculate the highest common factor of q and r.
10
Let i(r) be the third derivative of r**5/30 + r**4/8 - 7*r**3/6 - 3*r**2. Let b be i(-5). Calculate the greatest common divisor of b and 42.
14
Suppose -4*m = -131 - 93. What is the highest common divisor of m and 8?
8
Let p = 10 - 6. Suppose 0*x = -p*x + 44. Let s be (-41)/(-4) + (-3)/(-4). What is the greatest common factor of x and s?
11
Let r = -82 + 24. Let w be (r/(-3) + -1)*3. Let a be (0 + 2 - 1) + 21. Calculate the highest common factor of a and w.
11
Let o = 50 - 41. Calculate the highest common factor of o and 9.
9
Suppose -2*z - 4*d = 3*z - 9, 5*z + 5*d = 5. Calculate the highest common factor of z and 15.
5
Let p(m) = m**2 + 3*m + 12. Let a be p(-6). Calculate the highest common factor of a and 45.
15
Let s(y) = y**3 - 3*y**2 + y + 1. Let n be s(2). Let h be 2 + -2 + n + 1. Suppose -3*q + 12 = -h*q. Calculate the greatest common factor of 24 and q.
4
Suppose -4*b - 13 = 3. Let h be b/(-6)*(43 + -7). Calculate the greatest common factor of 6 and h.
6
Let j = -14 - -20. Suppose 4*u = -4*a, 5*a - 1 = 2*u + j. Calculate the greatest common factor of a and 5.
1
Suppose -124 = -0*n - 2*n - 4*q, 4*q - 286 = -5*n. Let a be (236/3 - -2) + 1/3. What is the greatest common divisor of n and a?
27
Suppose -s + 3*x + 24 = 7*x, 3*x + 117 = 3*s. What is the highest common divisor of s and 24?
12
Suppose 2*d = n + 8, 4*n - 3*n = d - 2. Let o = 25 + 3. Suppose 0 = 3*l - 190 + o. Calculate the highest common divisor of l and d.
6
Suppose r - 2 = 0, 2*d + 5*r - 12 = d. Suppose 0*m = d*m - 20. Calculate the greatest common factor of m and 10.
10
Suppose 0 = -2*g + 55 - 19. What is the highest common factor of 6 and g?
6
Let v be 527/68 + (-1)/(-4). What is the highest common divisor of v and 56?
8
Suppose 7 = -5*n - 3. Let f be (n/(-6))/(2/204). What is the highest common factor of f and 85?
17
Suppose 0 = -2*o - 1 + 11. Suppose -o*g + 107 - 7 = 0. Let x(v) = 12*v - 91. Let j be x(8). What is the highest common factor of j and g?
5
Suppose 2*y + 2*y - 672 = 0. Calculate the highest common divisor of 21 and y.
21
Suppose -8 = -3*a + 1. What is the greatest common factor of a and 9?
3
Suppose 5*g + 95 = 10*g. Calculate the highest common divisor of 57 and g.
19
Suppose -4*t = 2*p - 22, p - 68 = -3*p + 4*t. Calculate the greatest common factor of 45 and p.
15
Let r = -14 + 22. What is the greatest common divisor of 64 and r?
8
Let v be 6*2 + 8/(-4). Suppose 0 = -3*j + 5*o + 55, 5*o = -j + 11 + 14. What is the highest common divisor of v and j?
10
Let j(y) = 5*y**3 - y**2 + y. Let z be j(1). Suppose 0*r = -4*l - r + 27, z*l - 5*r - 15 = 0. Calculate the greatest common factor of 2 and l.
2
Sup